{"id":520,"date":"2025-09-20T11:23:36","date_gmt":"2025-09-20T17:23:36","guid":{"rendered":"https:\/\/bygrace.site\/cemaco\/?post_type=product&#038;p=520"},"modified":"2025-09-20T11:25:16","modified_gmt":"2025-09-20T17:25:16","slug":"set-de-3-accesorios-para-bano","status":"publish","type":"product","link":"https:\/\/bygrace.site\/cemaco\/producto\/set-de-3-accesorios-para-bano\/","title":{"rendered":"Set de 3 Accesorios para Ba\u00f1o"},"content":{"rendered":"<ul class=\"cemacogt-cemaco-components-0-x-descriptionTextPDP\">\n<li>Incluye dispensador de jab\u00f3n l\u00edquido con bomba cromada, porta cepillos y jabonera.<\/li>\n<li>Colores suaves y neutros que aportan frescura y armon\u00eda al ba\u00f1o.<\/li>\n<li>Medidas: Dispensador de jab\u00f3n 8.2&#215;5.7&#215;17.2 cm, Vaso 8&#215;6.4&#215;10.6 cm y jabonera 4.2&#215;9.3&#215;1.7 cm<\/li>\n<\/ul>\n","protected":false},"excerpt":{"rendered":"<p>Set de accesorios para ba\u00f1o de 3 piezas con dise\u00f1o efecto m\u00e1rmol en tonos celeste y blanco, as\u00ed como, rosado y blanco.<\/p>\n","protected":false},"featured_media":521,"comment_status":"closed","ping_status":"closed","template":"","meta":[],"product_brand":[39],"product_cat":[29],"product_tag":[],"class_list":{"0":"post-520","1":"product","2":"type-product","3":"status-publish","4":"has-post-thumbnail","6":"product_brand-viva","7":"product_cat-banos","9":"first","10":"instock","11":"shipping-taxable","12":"purchasable","13":"product-type-variable"},"_links":{"self":[{"href":"https:\/\/bygrace.site\/cemaco\/wp-json\/wp\/v2\/product\/520","targetHints":{"allow":["GET"]}}],"collection":[{"href":"https:\/\/bygrace.site\/cemaco\/wp-json\/wp\/v2\/product"}],"about":[{"href":"https:\/\/bygrace.site\/cemaco\/wp-json\/wp\/v2\/types\/product"}],"replies":[{"embeddable":true,"href":"https:\/\/bygrace.site\/cemaco\/wp-json\/wp\/v2\/comments?post=520"}],"wp:featuredmedia":[{"embeddable":true,"href":"https:\/\/bygrace.site\/cemaco\/wp-json\/wp\/v2\/media\/521"}],"wp:attachment":[{"href":"https:\/\/bygrace.site\/cemaco\/wp-json\/wp\/v2\/media?parent=520"}],"wp:term":[{"taxonomy":"product_brand","embeddable":true,"href":"https:\/\/bygrace.site\/cemaco\/wp-json\/wp\/v2\/product_brand?post=520"},{"taxonomy":"product_cat","embeddable":true,"href":"https:\/\/bygrace.site\/cemaco\/wp-json\/wp\/v2\/product_cat?post=520"},{"taxonomy":"product_tag","embeddable":true,"href":"https:\/\/bygrace.site\/cemaco\/wp-json\/wp\/v2\/product_tag?post=520"}],"curies":[{"name":"wp","href":"https:\/\/api.w.org\/{rel}","templated":true}]}}