{"id":487,"date":"2025-09-19T01:51:48","date_gmt":"2025-09-19T07:51:48","guid":{"rendered":"https:\/\/bygrace.site\/cemaco\/?post_type=product&#038;p=487"},"modified":"2025-09-19T01:51:48","modified_gmt":"2025-09-19T07:51:48","slug":"audifonos-inalambricos-tune-520-bt-jbl","status":"publish","type":"product","link":"https:\/\/bygrace.site\/cemaco\/producto\/audifonos-inalambricos-tune-520-bt-jbl\/","title":{"rendered":"Aud\u00edfonos Inal\u00e1mbricos Tune 520 Bt Jbl"},"content":{"rendered":"<ul class=\"cemacogt-cemaco-components-0-x-descriptionTextPDP\">\n<li>Los auriculares JBL Tune 520BT transmiten el potente sonido JBL Pure Bass gracias a la \u00faltima tecnolog\u00eda 5.3 BT.<\/li>\n<li>Estos auriculares, muy f\u00e1ciles de usar, ofrecen hasta 57 horas de puro placer auditivo y 3 horas adicionales de bater\u00eda con solo 5 minutos de carga.<\/li>\n<li>Descarga la aplicaci\u00f3n gratuita JBL Headphones y personaliza tu sonido a trav\u00e9s del ecualizador, las indicaciones de voz te ayudar\u00e1n a conocer las prestaciones de los auriculares.<\/li>\n<li>Gestiona las llamadas, el sonido y el volumen desde el auricular, todo ello con el c\u00f3modo control de botones.<\/li>\n<li>Si recibes una llamada mientras est\u00e1s viendo un v\u00eddeo en otro dispositivo, los auriculares JBL Tune 520BT se conectan f\u00e1cilmente a tu m\u00f3vil para que nunca pierdas una llamada.<\/li>\n<li>Los auriculares JBL Tune 520BT son ligeros y c\u00f3modos incluso despu\u00e9s de horas de escucha, y puedes plegarlos para llev\u00e1rtelos en tu mochila a todas partes.<\/li>\n<li>Activa el asistente de voz en tu dispositivo pulsando el bot\u00f3n multifunci\u00f3n.<\/li>\n<\/ul>\n","protected":false},"excerpt":{"rendered":"<p>Gracias al dise\u00f1o plegable, estos auriculares son muy f\u00e1ciles de llevar, de modo que podr\u00e1s disfrutar de tu m\u00fasica favorita donde y cuando quieras.<\/p>\n","protected":false},"featured_media":491,"comment_status":"closed","ping_status":"closed","template":"","meta":[],"product_brand":[41],"product_cat":[31],"product_tag":[],"class_list":{"0":"post-487","1":"product","2":"type-product","3":"status-publish","4":"has-post-thumbnail","6":"product_brand-jbl","7":"product_cat-tecnologia","9":"first","10":"instock","11":"shipping-taxable","12":"purchasable","13":"product-type-simple"},"_links":{"self":[{"href":"https:\/\/bygrace.site\/cemaco\/wp-json\/wp\/v2\/product\/487","targetHints":{"allow":["GET"]}}],"collection":[{"href":"https:\/\/bygrace.site\/cemaco\/wp-json\/wp\/v2\/product"}],"about":[{"href":"https:\/\/bygrace.site\/cemaco\/wp-json\/wp\/v2\/types\/product"}],"replies":[{"embeddable":true,"href":"https:\/\/bygrace.site\/cemaco\/wp-json\/wp\/v2\/comments?post=487"}],"wp:featuredmedia":[{"embeddable":true,"href":"https:\/\/bygrace.site\/cemaco\/wp-json\/wp\/v2\/media\/491"}],"wp:attachment":[{"href":"https:\/\/bygrace.site\/cemaco\/wp-json\/wp\/v2\/media?parent=487"}],"wp:term":[{"taxonomy":"product_brand","embeddable":true,"href":"https:\/\/bygrace.site\/cemaco\/wp-json\/wp\/v2\/product_brand?post=487"},{"taxonomy":"product_cat","embeddable":true,"href":"https:\/\/bygrace.site\/cemaco\/wp-json\/wp\/v2\/product_cat?post=487"},{"taxonomy":"product_tag","embeddable":true,"href":"https:\/\/bygrace.site\/cemaco\/wp-json\/wp\/v2\/product_tag?post=487"}],"curies":[{"name":"wp","href":"https:\/\/api.w.org\/{rel}","templated":true}]}}